1598?
True
Is 544180 a multiple of 92?
True
Is 7031353 a multiple of 7?
True
Is 20406028 a multiple of 56?
False
Is 496431365 a multiple of 4981?
True
Is 234838775 a multiple of 18?
False
Is 1519546 a multiple of 7?
True
Does 84 divide 81954600?
True
Is 13 a factor of 13136552?
True
Does 6 divide 187834648?
False
Does 5 divide 930559461?
False
Is 191031906 a multiple of 78?
True
Does 21 divide 29870882?
False
Is 1223 a factor of 58227119?
False
Does 584 divide 26934080?
True
Is 45624765 a multiple of 10?
False
Does 1233 divide 42976215?
True
Is 64 a factor of 822366855?
False
Does 415 divide 1485259685?
True
Is 22644459 a multiple of 9?
True
Is 48 a factor of 3843157113?
False
Does 4 divide 22659280?
True
Is 62796591 a multiple of 35?
False
Does 12 divide 15609672?
True
Is 10638342 a multiple of 66?
True
Is 34 a factor of 42889334?
True
Is 33817828 a multiple of 638?
True
Is 87 a factor of 110933042?
False
Is 7 a factor of 13330842?
True
Does 718 divide 38069988?
False
Is 1809096338 a multiple of 83?
False
Is 62025527 a multiple of 12?
False
Does 14 divide 890974?
True
Is 233072750 a multiple of 1972?
False
Does 648 divide 542972808?
True
Is 3741 a factor of 1856212046?
False
Is 90426325 a multiple of 11?
True
Is 925 a factor of 72350725?
True
Is 112824861 a multiple of 435?
False
Is 698369974 a multiple of 34?
False
Is 1907 a factor of 282104417?
True
Does 311 divide 11927472?
True
Is 7250184129 a multiple of 142?
False
Is 21 a factor of 1205196449?
False
Does 56 divide 1051802360?
True
Is 14295409 a multiple of 953?
False
Does 23 divide 422440724?
True
Is 15661590 a multiple of 1070?
True
Is 3777921 a multiple of 189?
True
Does 706 divide 23374705?
False
Is 22 a factor of 57196304?
True
Does 487 divide 33156908?
True
Is 244460499 a multiple of 1191?
False
Is 61185024 a multiple of 64?
True
Is 158 a factor of 11883592?
False
Is 237745204 a multiple of 1855?
False
Is 4 a factor of 48027254?
False
Is 112 a factor of 139887523?
False
Does 276 divide 332960328?
True
Does 371 divide 144226020?
False
Does 505 divide 2187173685?
True
Is 9 a factor of 47944917?
True
Is 520275111 a multiple of 5?
False
Is 342645947 a multiple of 10?
False
Is 2680916395 a multiple of 4?
False
Is 918448683 a multiple of 2907?
False
Is 63096781 a multiple of 43?
True
Is 2705700853 a multiple of 6177?
False
Is 102260656 a multiple of 352?
False
Does 55 divide 1309565565?
True
Is 1144 a factor of 1415560215?
False
Is 182144914 a multiple of 323?
False
Is 13 a factor of 11008146?
False
Is 269431232 a multiple of 32?
True
Does 10 divide 52563870?
True
Does 75 divide 150636525?
True
Is 329015250 a multiple of 270?
True
Is 100302231 a multiple of 244?
False
Is 335 a factor of 7607368?
False
Is 52020125 a multiple of 2055?
False
Is 3321 a factor of 1055385579?
False
Does 1368 divide 594012960?
True
Is 61841682 a multiple of 126?
True
Is 143237376 a multiple of 72?
True
Is 551 a factor of 113805435?
False
Is 565601071 a multiple of 59?
False
Is 200755238 a multiple of 538?
True
Is 1444 a factor of 182755544?
False
Is 14305499 a multiple of 14?
False
Does 306 divide 50727843?
False
Is 214598814 a multiple of 2521?
False
Is 15 a factor of 5339904165?
True
Does 3 divide 1781033?
False
Does 1045 divide 32733360?
False
Does 5 divide 39084465?
True
Is 139336901 a multiple of 451?
True
Is 122 a factor of 42879467?
False
Does 169 divide 1202545758?
False
Does 57 divide 676904975?
False
Is 279 a factor of 971183503?
False
Does 246 divide 2869541587?
False
Is 43 a factor of 32811881?
True
Is 90355140 a multiple of 503?
False
Is 2068 a factor of 2062774164?
True
Does 7 divide 57427419?
True
Is 693578774 a multiple of 133?
True
Is 14 a factor of 544156144?
True
Is 1224 a factor of 4807065384?
True
Does 18 divide 255687368?
False
Does 17 divide 40070291?
False
Does 75 divide 15434558?
False
Does 452 divide 2008116672?
True
Is 1095128374 a multiple of 5?
False
Does 40 divide 57303720?
True
Is 141143232 a multiple of 8?
True
Is 131109630 a multiple of 2474?
True
Does 19 divide 2041285693?
False
Is 177 a factor of 463190176?
False
Is 13 a factor of 297731731?
False
Is 66708082 a multiple of 1192?
False
Is 720 a factor of 4380448?
False
Does 3888 divide 246599005?
False
Is 120 a factor of 6846120?
True
Is 7403949 a multiple of 721?
True
Is 100 a factor of 5089728575?
False
Is 17 a factor of 18307436?
True
Is 2565 a factor of 15633675?
True
Is 7 a factor of 1878036146?
True
Is 398 a factor of 1160057366?
True
Is 557635433 a multiple of 99?
False
Does 2766 divide 105137301?
False
Does 54 divide 1258718742?
False
Is 2845 a factor of 83016487?
False
Does 1762 divide 34545772?
True
Is 125501331 a multiple of 14?
False
Does 1581 divide 106026846?
False
Is 3141783096 a multiple of 1642?
True
Is 19439876 a multiple of 46?
True
Is 8 a factor of 513758?
False
Does 31 divide 21003093?
False
Is 425417540 a multiple of 2?
True
Is 40327247 a multiple of 195?
False
Is 97110416 a multiple of 2881?
False
Is 2469 a factor of 39782761?
False
Is 2694 a factor of 47208454?
False
Is 1108 a factor of 1678677616?
True
Is 30 a factor of 602040900?
True
Is 253 a factor of 55636287?
False
Does 1149 divide 236465890?
False
Is 161174247 a multiple of 452?
False
Does 4222 divide 32883309?
False
Is 64588427 a multiple of 113?
True
Does 813 divide 1772220186?
False
Does 4 divide 86707618?
False
Is 12 a factor of 63052260?
True
Does 79 divide 204790910?
True
Does 844 divide 21870874?
False
Is 489 a factor of 31201134?
True
Does 140 divide 585786681?
False
Is 120 a factor of 5971327531?
False
Is 51099222 a multiple of 258?
True
Is 8581592 a multiple of 8?
True
Does 37 divide 85601942?
True
Does 6 divide 4819032?
True
Does 33 divide 310956789?
True
Does 56 divide 13407688?
True
Is 442 a factor of 2198091194?
True
Does 78 divide 151350154?
False
Does 527 divide 75086433?
True
Does 3838 divide 18103846?
True
Does 13 divide 3558343?
False
Is 348950002 a multiple of 68?
False
Is 24904787 a multiple of 210?
False
Is 154 a factor of 19218892?
True
Is 879 a factor of 3268592?
False
Is 48623256 a multiple of 88?
True
Does 75 divide 59382379?
False
Is 1314540397 a multiple of 688?
False
Is 730430052 a multiple of 242?
True
Does 16 divide 52487047?
False
Does 1830 divide 1309445520?
True
Does 240 divide 36309476?
False
Does 89 divide 11914?
False
Is 97 a factor of 29197970?
True
Does 17 divide 17172238?
False
Is 1193 a factor of 304259141?
True
Is 32482072 a multiple of 56?
True
Is 1001583024 a multiple of 988?
True
Does 461 divide 21631249?
False
Does 15 divide 17314095?
True
Is 17 a factor of 498734110?
False
Is 3215 a factor of 981812278?
False
Is 410755 a multiple of 44?
False
Is 29069516 a multiple of 85?
False
Is 255 a factor of 165401141?
False
Is 220 a factor of 203883680?
True
Is 1763 a factor of 3561159509?
True
Is 11560608 a multiple of 1172?
True
Is 2019 a factor of 37733091?
True
Is 687967500 a multiple of 191?
False
Is 218134700 a multiple of 24?
False
Is 100632556 a multiple of 172?
True
Does 1747 divide 109931273?
False
Is 73 a factor of 33822?
False
Is 129139546 a multiple of 103?
True
Does 56 divide 34742070?
False
Is 201 a factor of 57488010?
True
Does 1289 divide 197049102?
False
Is 101 a factor of 402941621?
True
Is 10663133 a multiple of 155?
False
Does 95 divide 57050635?
True
Does 243 divide 74215416?
False
Does 202 divide 18517609?
False
Does 30 divide 62361390?
True
Is 2807932740 a multiple of 29?
False
Is 5 a factor of 18416696?
False
Does 30 divide 177766762?
False
Is 14 a factor of 350908556?
False
Is 226535232 a multiple of 44?
True
Does 25 divide 3037921988?
False
Is 8 a factor of 158826176?
True
Is 57874411 a multiple of 707?
False
Is 41357680 a multiple of 1729?
True
Is 91 a factor of 51041900?
True
Does 35 divide 163626470?
True
Is 111 a factor of 2116548?
True
Is 321216446 a multiple of 2847?
False
Does 22 divide 6077236?
True
Does 157 divide 2098805359?
True
Is 340 a factor of 481308760?
True
Does 28 divide 11822328?
True
Is 40 a factor of 5773713?
False
Is 544 a factor of 961991104?
True
Is 13 a factor of 3608522?
False
Does 49 divide 20168497?
False
Is 111 a factor of 99656577?
True
Does 293 divide 78231293?
True
Is 92 a factor of 156615556?
True
Is 158 a factor of 347429503?
False
Does 179 divide